8. Let i be x(7). Let o = -42 + 456. Calculate the greatest common factor of o and i.
46
Let u be (-1102)/16 + (2 - (-34)/(-16)). Let q be 32/(u/24 + -2 + 5). What is the highest common divisor of 16 and q?
16
Let p be ((-24)/(-1))/((-4)/(-5) + (-4068)/5760). What is the greatest common factor of p and 32?
32
Let y = -553 - -540. Let x be 33 + ((-2)/2 - -1). Let a = y + x. Calculate the greatest common factor of 8 and a.
4
Let x(y) = y**2 + 15*y + 29. Let s be x(-13). Suppose 4*n = s*n + 3. Let a be (-9)/(-6)*(-1)/n*-70. Calculate the greatest common factor of 140 and a.
35
Let u(g) = 2*g**2 - 17*g - 6. Let s be u(9). Let j(w) = 3*w**2 - 11*w + 31. Let t be j(s). Calculate the greatest common divisor of t and 475.
25
Suppose -17*t + 14*t = -1518. Suppose -3*n = -0*x + x - t, -5*n + x = -838. What is the greatest common factor of n and 42?
42
Suppose -4*n = -9*z + 4*z + 790, 0 = -z - 3*n + 177. Let d = 43 - 11. Let l = d + -14. What is the greatest common factor of l and z?
18
Suppose 4*r + 43 = 2*g + 3, -20 = -4*g - 4*r. Suppose -97 - 83 = -20*z. Suppose -z*b - 650 = -14*b. What is the greatest common divisor of g and b?
10
Suppose v = 10*d + 8, -150*d + 155*d = v - 18. Suppose -5*h - 2243 = -3*y, -4*y - h = 4*h - 3049. What is the greatest common factor of v and y?
28
Let l be 2 + -5 + (-483)/(-15) - 64/(-80). Calculate the greatest common factor of l and 984.
6
Let w = -1 + -1. Let m be (w + 2 + 2)*-13. Let u = 65 + m. Calculate the greatest common divisor of 13 and u.
13
Suppose s - 5*w - 473 + 414 = 0, -5*w - 356 = -4*s. Calculate the greatest common divisor of 143 and s.
11
Suppose 6*d + 690 = -17*d. Let j = 31 + d. What is the highest common factor of j and 3?
1
Let h(j) be the third derivative of -5*j**4/8 + 27*j**3/2 - 112*j**2. Let i be h(4). What is the greatest common divisor of 42 and i?
21
Let w = 11390 - 11342. What is the highest common divisor of 1032 and w?
24
Suppose -2*s = -3*l + 716, 3*l - 4*s + 0*s - 718 = 0. Suppose -l + 1208 = -10*w. Let y = w + 232. Calculate the greatest common factor of y and 54.
27
Let j be (((-7)/(-3))/(2/(-4)))/((-5980)/816270). What is the highest common divisor of j and 273?
91
Suppose 4 = -d, d + 229 = -g + 631. Calculate the highest common factor of g and 638.
58
Suppose 15 = 4*p - 0*p - k, -6 = 2*k. Suppose 5*v - h - 12 = 21, p*h - 20 = -2*v. Calculate the highest common divisor of v and 2.
1
Let b = -406 + 411. Suppose -s = r - 336, 3*s - b*r - 1008 = -7*r. What is the greatest common factor of 96 and s?
48
Let a be (4/12)/((-1)/(-6)). Suppose 3 = 3*r, 2*y + a*r - 179 = 5. Suppose -4*u + 65 = u. Calculate the greatest common factor of y and u.
13
Let w(z) = -13*z**2 - 16*z. Let g be w(-1). Suppose f - 50 = -g*r + 92, 3*r - f = 146. Calculate the highest common factor of 16 and r.
16
Suppose -17*k + 3*k + 221 = -31. Calculate the highest common factor of 660 and k.
6
Let r be 56 - 15*12/30. Let g be 4/(32/52)*-26. Let c = g - -244. What is the highest common divisor of c and r?
25
Suppose 2*b - 5*s = 455, -5*b + 7*b + 4*s = 428. Calculate the greatest common divisor of 297 and b.
11
Let q be 85/20 + 26/(-8) + 3. Suppose -154 = -3*v - 2*n, q*v = 2*v + n + 112. Calculate the greatest common divisor of v and 90.
18
Let c = -19 - -24. Let p(w) = -w**2 + 9*w - 15. Let b be p(c). Let u = b - -38. Calculate the greatest common divisor of 215 and u.
43
Let b(w) = -w**3 + 24*w**2 - 24*w + 27. Suppose -11*y + 20 = -6*y. Suppose 0*k = -y*k + 92. Let h be b(k). Calculate the highest common factor of 10 and h.
2
Suppose -5*y = 3*x - 129 - 731, 576 = 2*x + 3*y. Calculate the greatest common divisor of 8940 and x.
60
Let n(h) be the first derivative of -9*h**2 + 6*h + 72. Let p be n(-4). Calculate the highest common divisor of 104 and p.
26
Let r = 366 + -195. Let v = 197 - r. What is the highest common divisor of 130 and v?
26
Let a(g) = -6*g - 10. Let b be a(-4). Let x(y) = 81*y**2 + 307*y - 616. Let n be x(2). What is the highest common divisor of b and n?
14
Suppose -5*h + 630 = -5*x, -11*x + 12*x = -h + 136. Let z = -109 + h. Calculate the highest common divisor of 55 and z.
11
Let d(n) = 11*n**2 - 79*n + 149. Let q be d(3). Calculate the highest common divisor of 5 and q.
1
Suppose -27*n + 22*n + 330 = 0. Let o be (-1306 - -1)/5 - 3. Let s be o/(-9)*6/4. What is the greatest common factor of s and n?
22
Let n = 9781 - 9637. Calculate the highest common factor of n and 873.
9
Suppose -3*p = 4*h - 288 - 1084, -5*h + p + 1696 = 0. What is the highest common divisor of 119 and h?
17
Suppose 12787 = -19*b + 117118 + 60038. What is the greatest common divisor of b and 41?
41
Suppose -155*f + 200*f - 7192 - 503 = 0. Calculate the greatest common factor of 162 and f.
9
Suppose -47 = -4*m - d, 4*m + 8*d - 72 = 12*d. Calculate the highest common factor of m and 5265.
13
Let n be (-14)/4*66/(-77). Suppose 2*l = 5*l + 2*l. Suppose l = -2*d - 4*q + 236, -n*d + 0*d + 5*q = -299. What is the highest common divisor of d and 12?
12
Let n(s) = -287*s + 985. Let y be n(3). What is the greatest common factor of y and 14?
2
Let s = -99 - -155. Let x = 184 + -182. Suppose 5*m = -3*c + 39 + 8, x*c - m = 27. Calculate the greatest common factor of c and s.
14
Let t(a) = 4*a**2 - 9*a + 27. Let q be t(0). What is the highest common factor of q and 9423?
27
Suppose -147*x = 2*x - 745. Suppose -5*n = 25, -c + 2 = -n - 6. Suppose -48 = -c*m - x*m. Calculate the highest common divisor of m and 12.
6
Let g = -851 - -2028. Suppose -10*p + 3047 = g. Suppose -89 = -5*a + n + n, -2*a + 2*n = -38. What is the greatest common factor of p and a?
17
Suppose -3*z - 836 = -7106. Suppose -325 = -15*c + z. Calculate the greatest common divisor of 21 and c.
7
Suppose 0 = -5*z + 2*l + 10590, -819 = z - 4*l - 2937. Suppose -3*q + z = q - 3*i, 3*i + 1590 = 3*q. What is the highest common divisor of 48 and q?
48
Suppose -1392*y + 1387*y = -30. Suppose 382 = i + 3*x, -3*i - x - 1156 = -y*i. Calculate the greatest common divisor of 55 and i.
55
Let g(m) = -12*m - 2. Let l be g(-1). Suppose 16 = 4*s - 0. Suppose -d = 5*y - 47 + s, -2*d - l = -2*y. Calculate the highest common factor of 56 and y.
8
Suppose 856*v - 840*v = 75552. Calculate the highest common divisor of v and 2.
2
Let z = -68 + 111. Let g = -2244 - -2245. What is the greatest common factor of g and z?
1
Suppose -1903 = -5*f + 132. Let z be -3 + (-4)/12*0. Let n be z + 7 + (-2 + 3)*33. Calculate the highest common divisor of f and n.
37
Suppose 4*d = 5*h - 4*h + 701, -5 = h. Suppose -22 = 8*p - d. What is the highest common factor of p and 323?
19
Let q(f) = f**2 - 7*f - 13. Suppose 9*v = 4*v + 45. Let s be q(v). Suppose -4 = -9*k + s. Calculate the highest common factor of 3 and k.
1
Let p be 17/2 + 1/2. Let y = 91 - 94. Let l be (-5 - -3) + y + 8. What is the greatest common divisor of p and l?
3
Let y = 142 - 140. Let a be 26 + -3 + y + 2. What is the highest common divisor of a and 27?
27
Let q be (-2286)/21 - (-18)/(-126). Let i = q - -129. Calculate the highest common factor of 80 and i.
20
Suppose 0 = -23*p + 2*p - 1449. Let z = p + 135. Calculate the highest common factor of 242 and z.
22
Suppose -35 = -3*y + 4*v, 2*y - 41*v = -38*v + 24. Calculate the highest common divisor of y and 39.
3
Let n(a) = a**3 + 10*a**2 + 6*a + 13. Let g be n(-8). Let z = -61 + g. Let v(f) = -52*f + 4. Let u be v(-3). Calculate the greatest common factor of z and u.
32
Suppose 102*d = 36732 + 35790. Calculate the greatest common divisor of d and 18.
9
Suppose 0 = 2*c - 3*g - 195, -4*c = -2*g - g - 375. Suppose -5*i + 5 = -c. Let k = -4 + i. What is the highest common divisor of k and 45?
15
Let q = 480 - 476. Suppose q*u + 5*y - 680 = 0, -2*u = -3*y + 90 - 430. Calculate the greatest common factor of 10 and u.
10
Suppose -5*q = -3 - 22. Suppose 0 = q*v - 203 - 42. Calculate the highest common factor of v and 539.
49
Suppose 4*x - 41 = -0*x - 3*f, -3*x + 32 = f. Suppose -2052 = -2*b - 4*v, -4*b = -x*v + 7*v - 4152. What is the greatest common factor of b and 94?
94
Let c(m) = -150*m + 2650. Let q be c(-12). Calculate the greatest common divisor of 75 and q.
25
Suppose 0 = 4*c + 5*t - 164, 3*c = -t + 81 + 42. What is the highest common factor of c and 18163?
41
Let z(l) = 17*l - 113*l**2 - 3 + 2*l + 